 -3 = 2*w + 2*a - 11. Suppose 2*k = 5*y + 2 - w, 4*k - 57 = -y. What is the tens digit of k?
1
What is the tens digit of (165880/390)/((-8)/(-6))?
1
Let t = 1114 - 604. What is the units digit of t?
0
Let d(w) = w + 4. Let z be 2 + (2 - 0) + 3. Suppose 2*q - z*q - 3*h = 1, -3*q = -4*h + 18. What is the units digit of d(q)?
2
Let s = 440 + -186. What is the hundreds digit of s?
2
Let d be 431/2 - 12/24. Suppose 1 = 4*n - d. What is the tens digit of n?
5
Suppose -7*t + 5232 = -2888. What is the thousands digit of t?
1
Let i(g) = -g**2 + g - 6. Let n be i(3). What is the tens digit of 8/n*705/(-10)?
4
Suppose -5*p + 251 = 821. Let q = 236 + p. What is the tens digit of q?
2
Let x(f) = f - 16. Let w be x(15). Let i(p) = -172*p**3 - 4*p - 2. What is the hundreds digit of i(w)?
1
Suppose -5*g = -d + 384, -2*d + 2*g = -708 - 20. What is the hundreds digit of d?
3
Suppose 102 - 354 = -3*n. What is the tens digit of n?
8
Let w = -18 - -22. Let h(y) = 2*y - 1. Let g be h(w). What is the units digit of (g/5)/((-10)/(-50))?
7
Let j = -25 - -28. What is the units digit of (8/(-12))/(j/(-9)) + 86?
8
Suppose 0 = -5*r + 15 - 0. Let f(z) be the third derivative of z**5/60 + z**4/8 - z**3/6 - 4*z**2. What is the units digit of f(r)?
7
Let k(m) = -59*m + 15. Let w be k(11). Let v = w + 919. What is the hundreds digit of v?
2
Suppose -6*h - 504 = 492. Let u = h + 323. What is the tens digit of u?
5
Suppose 2*f = -s - 11, 39 = -5*s - 0*f - 2*f. Let p be 0/(2 + s + 2). Suppose 3*r + p = 3. What is the units digit of r?
1
Suppose 3*o + 11705 = 7*o + y, -2*o = -y - 5851. What is the hundreds digit of o?
9
Let s be 16/56 + (-4)/14. Suppose s*d - 5*d = -600. Suppose -3*m + 3*o = -m - 112, 2*m - d = -o. What is the units digit of m?
9
Suppose 33*t + 27*t = 351180. What is the units digit of t?
3
Let d(a) = -a**3 - 18*a**2 - a - 15. Let x be d(-18). Suppose 4*n + 4*g = 668, -x*n + 511 = -0*g + g. What is the units digit of n?
2
Let v = 1 - -4. Suppose 8*q - v = 3. What is the units digit of q?
1
Let w(m) = m**3 + 6*m**2 - 2*m - 2. Suppose -4*f = -y - 2*y - 44, 54 = 5*f - 4*y. Let a = 9 - f. What is the tens digit of w(a)?
3
Let s = -2305 + 3881. What is the thousands digit of s?
1
Let s(t) = 19*t - 16. Let l be s(8). Suppose -a = 2*k - 0*k - l, 3*k = -a + 136. Let d = 192 - a. What is the units digit of d?
6
Let s(v) = 18*v**3 - 1 - 4*v + 2*v + 3*v. What is the tens digit of s(1)?
1
Suppose 0*v + 6 = 2*v. Suppose -5*z = 2*g - 6*g - 19, 0 = 3*g + v. Suppose l + z*o = 56, -l - l + 148 = -3*o. What is the tens digit of l?
6
Suppose 0 = -5*u + 150 + 500. Let x = -74 + u. What is the units digit of x?
6
Let w(v) = -4*v - 1. Let b be w(-1). Let z(h) = 2*h**3 - h**2 - 2*h + 6. What is the units digit of z(b)?
5
Let j(k) = 37*k + 4. Let o be j(4). Suppose -8*a + o = -4*a. What is the tens digit of a?
3
Let n = 14 + -4. Suppose 0 = -7*i + n*i - 60. What is the units digit of 105/i*8/3?
4
Let u = -4 - -10. Let d(c) = u*c - 2 - 11*c + 4*c. What is the units digit of d(-5)?
3
Let l(n) = -n**3 - 48*n**2 + 44*n - 61. What is the units digit of l(-49)?
4
Suppose -10*h + 2086 = -334. What is the hundreds digit of h?
2
Let f be (-9)/(-5) - (-2)/10. What is the tens digit of (f - 4)/(4/(-106))?
5
What is the units digit of ((-1494)/(-10))/(30/200)?
6
Let u(z) = -16*z - 3. Let j = 21 + -22. What is the tens digit of u(j)?
1
Let j(b) = -b**3 + 8*b + 2. Let g be j(-3). Suppose -g*k + 1095 = -0*k. What is the tens digit of k?
1
Suppose -5*p = 3*o + 191, o + 0*p + 67 = -p. Let m be (2/(-3))/(12/o). What is the units digit of 9 - m*(-3)/6?
1
Let o = 226 - -1029. What is the hundreds digit of o?
2
Let u = 22 + 35. Let z = -40 + u. What is the units digit of z?
7
Suppose 3*s = 6*s - 2*c - 1447, 5*s - 3*c - 2411 = 0. What is the hundreds digit of s?
4
Suppose -6*n + q + 1250 = 0, n - 3*q + 35 - 232 = 0. What is the units digit of n?
9
Let o(p) = -14*p + 132. What is the hundreds digit of o(-18)?
3
Suppose -5*q - 5*j = -55, 0 = 4*j - j - 9. What is the tens digit of (-6)/4*2 + q + 132?
3
Let u(j) = -j**2 + 9*j - 2. Let b be u(9). Let g(l) = 8*l**2 - l + 2. What is the tens digit of g(b)?
3
Let l(m) = 27*m - 80. What is the units digit of l(8)?
6
Suppose 3*b + 156 - 1644 = 0. What is the tens digit of b?
9
Suppose 2*v = -3 + 9. Suppose 2*x - 10 = -v*x. Suppose x*d - 141 = -d. What is the units digit of d?
7
Let b = 48 + -68. Let y be (1030/(b/(-4)))/(-2). What is the tens digit of y/(-2) - 7/14?
5
Let z(m) = 2*m**2 - 4*m - 5. Let o(r) = -r**3 + 7*r**2 - 8*r + 15. Let a be o(6). What is the units digit of z(a)?
1
Let v(o) = -o**3 + o**2 - 14*o + 19. What is the units digit of v(-7)?
9
Suppose 3*h + 42 = 6*h + 4*y, -4*h = -2*y - 78. Let l(v) = -v**3 + 19*v**2 - 16*v + 4. What is the units digit of l(h)?
0
Suppose l - 1786 = 4*b, 4*b - 7184 = l - 5*l. What is the hundreds digit of l?
7
Let b(q) = -q + 14 + 1 - 3 + 6. Let r be b(15). Suppose r*c - 2*j = 72 - 4, 3*j - 107 = -5*c. What is the tens digit of c?
2
Suppose 5*q + 2*y - 44 = 4*y, 0 = 2*q + y - 23. Let w(z) = -z + 7. Let p be w(q). What is the units digit of (-4 - p)/(2/(-36))?
8
Let n(j) = 54*j. Let q(w) = 11*w. Let o(r) = 3*n(r) - 14*q(r). What is the tens digit of o(8)?
6
Let y(c) = -c**3 - 8*c**2 + c + 10. Let k be y(-8). Let a be (15/(-6))/(k/(-4)). Suppose a*x + 2*p - p = 162, -126 = -4*x - 2*p. What is the units digit of x?
3
Let y(t) = -t**3 - 16*t**2 - 10*t - 40. What is the units digit of y(-16)?
0
Suppose 3*o + 419 = -5*w, -o + 2*o + 249 = -3*w. What is the units digit of w/(-1 + 3 - 3/1)?
2
Suppose -9*i + 14*i = 1775. Suppose 12*p = 7*p + i. What is the tens digit of p?
7
Suppose 5*w - 4*g - 5195 = 0, g - 1040 = -w + 2*g. What is the units digit of w?
5
Suppose 0 = 11*z - 7177 - 2910. What is the tens digit of z?
1
Suppose 4 = -0*d + d. Suppose 0 = -d*b + 189 - 25. What is the units digit of b?
1
Let b(r) = r**2 + 4*r - 7. Let n be b(-6). Suppose 0 = n*f - 506 + 91. What is the units digit of f?
3
Let x = -597 + 4072. What is the thousands digit of x?
3
Let p(s) be the second derivative of -5*s**2 + 5/3*s**3 + 0 + s. What is the tens digit of p(6)?
5
Let b(x) = -x**2 - 10*x + 7. Let k be b(-12). Let f = 15 + k. What is the tens digit of (12/15)/(f/(-175))?
7
Let o = 16 - 18. What is the tens digit of o/(-4)*402*(-8)/(-12)?
3
Suppose -5*s = -1975 - 1660. What is the hundreds digit of s?
7
Let h(d) = d**3 - 7*d**2 - 17*d - 6. Let p be h(9). Suppose 5*b = -p*j + 40, 3*b - 10 = -0*j + j. What is the units digit of b?
5
Let p = 295 + 33. Suppose 2*m + 2*m - p = 0. What is the units digit of m?
2
Let b(s) = 54*s**2 - 2*s + 1. Let o = 3 + -2. What is the tens digit of b(o)?
5
Let w(d) = -d**3 + 9*d**2 - 8*d + 2. Let j be w(8). What is the units digit of 25 + 2/(j - 0)?
6
Suppose -51*c + 66*c - 13320 = 0. What is the hundreds digit of c?
8
Let s = -26 + 997. What is the tens digit of s?
7
Let s be (-1)/(-6)*8 - (-834)/9. Let z = s - 68. What is the tens digit of z?
2
Suppose -4*k - k = -2*h - 91, -2*k = 3*h - 25. What is the tens digit of k?
1
Suppose 17*f - 8500 = 23885. What is the units digit of f?
5
Let m(z) = 2*z + 26. Let t be m(-11). Suppose -t*l + 32 = -68. What is the tens digit of l?
2
Let z be (-4)/10*(-33 + -4 + 2). Suppose 3*m + 24 = -4*s, -s - 1 = 2. Let x = z - m. What is the tens digit of x?
1
Let h(c) = -3*c**3 - 3*c**2 + 33*c + 14. What is the thousands digit of h(-8)?
1
Let x = 1285 - 401. Suppose -124 = 10*w - x. What is the tens digit of w?
7
Let f = 66 + -75. What is the hundreds digit of 330/9*f/(-3)?
1
Suppose 366 = 5*r - 289. What is the tens digit of r?
3
Let k be 20/6 + (-4)/(-6). Suppose -24 = -3*j + 4*q - q, 0 = -3*j - k*q - 4. Suppose o = 5*o + 3*t - 54, 7 = o + j*t. What is the tens digit of o?
1
Let k = 28 - 25. Suppose k*b = -0*b + 72. Let r = 83 - b. What is the units digit of r?
9
Let n(h) = 200*h**2 + 27*h + 28. What is the hundreds digit of n(-1)?
2
Suppose -5*l - 3 + 8 = 0. What is the units digit of l/(-5) + 8604/45?
1
Let f(k) = k**3 + 15*k**2 - 98*k - 11. What is the tens digit of f(-18)?
8
Let c = 1552 - 745. What is the hundreds digit of c?
8
Let v be 1/(-3) - (-2 + (-178)/(-6)). Let c = 56 + v. What is the units digit of c?
8
Suppose -2*h = k + h - 419, -5*k = -4*h - 2019. What is the tens di